e h(-6). Suppose f*b - 10 = 100. Is b prime?
False
Suppose 5*t = 2*t + 9. Suppose k = 1, -3*k - t + 10 = u. Suppose -u*g - 290 = -6*g. Is g composite?
True
Suppose 3*c + 10 = 2*l + 5*c, -20 = -5*l - 4*c. Suppose l*s - 2*s = -12. Is (2/s)/(2/354) composite?
False
Suppose 0 = -2*w + 5*m + 369, 2*w + 732 = 6*w - 4*m. Let z = -39 + w. Is z composite?
True
Suppose 2*c = 4*c - 2. Let w(h) = 129*h + 1. Let i be w(c). Suppose 3*n = 4*t - 0*n - i, 5*t - n = 168. Is t composite?
True
Suppose 0*h = -3*h, 5*h + 10 = 2*x. Let t be 1/(3/x)*3. Suppose 0 = 2*w - 7*w + y + 151, -t*w + 3*y = -143. Is w prime?
True
Let i = -89 + 141. Let v = -9 + i. Is v a composite number?
False
Let v = 131 + -63. Suppose v = 5*n - 677. Is n a prime number?
True
Suppose 4*w = 573 + 219. Let o = -49 + w. Is o a composite number?
False
Suppose -c + 4*q = -11, 2*c - 2*q = 9 + 1. Suppose w = -c*m - 2, 47 = -2*w + 7*w - 4*m. Is w a prime number?
True
Suppose 2*g + 1 = -m + 2, -3*m + 3 = -5*g. Let i(h) = -5 - 2*h + 2*h**2 - h**3 + g*h**3 + h**2 - 6*h**2. Is i(-5) a prime number?
False
Let l = -5 + 7. Let q(c) = -c - 2. Let t be q(-4). Is (37/l)/(t/4) a composite number?
False
Let z(i) = -214*i + 3. Is z(-1) composite?
True
Let a(n) = -n**3 + 9*n**2 - 5*n + 1. Let b be a(8). Suppose 3*c = 139 - b. Suppose -c = -s - s. Is s a prime number?
True
Suppose 4*s + 3*x + 15 = 0, 10 = -0*s - 4*s - 2*x. Let b(c) = -c**2 + 91. Is b(s) prime?
False
Let m(q) = q**3 - 2*q**2 - 2*q - 2. Let y be m(-2). Let i be y*((-51)/2)/1. Suppose 0*x + i = 3*x. Is x a composite number?
True
Is (4/12*-1)/(1/(-5073)) a composite number?
True
Let k = -18 + 161. Is k a prime number?
False
Let j = 5 + -2. Suppose j*o - 142 = -o + 3*k, 3*k + 176 = 5*o. Is o composite?
True
Let m = -12 - -1. Let p(f) be the second derivative of -f**5/20 - 5*f**4/6 + 4*f**3/3 - 7*f**2 - f. Is p(m) prime?
True
Suppose -2*f - 8 = -6. Let j be (-18)/8 + f/(-4). Is j*(-74)/8*2 a composite number?
False
Suppose 4 = -2*q + 5*v - 5, 0 = q - 3*v + 6. Suppose 3*o - 90 = q*d, 4*o - 38 = -4*d + 114. Is o prime?
False
Suppose -61 = -4*x + 327. Is x a prime number?
True
Suppose -2*b + 4*f + 275 = b, 5*b = 2*f + 477. Is b prime?
True
Let x(p) = -5*p + 521. Is x(0) prime?
True
Let f(o) = 3*o**2 - o - 2. Let p be 3/(-2)*(-4)/(-3). Let m be f(p). Is 4/(-6) - (-1796)/m a prime number?
True
Suppose 4*z + 4 = 20. Let m(x) = -2*x**3 + z + 49 + 0*x - x + 3*x**3. Is m(0) a composite number?
False
Let s = -895 - -1379. Suppose b + s = 5*b. Is b a composite number?
True
Let g = 3713 - 1098. Is g prime?
False
Suppose 3*g - 137 = 100. Is g a prime number?
True
Suppose 0 = -2*l - 4*g + 5170, 2*l + g = -2*g + 5167. Is l a composite number?
False
Let i = 10140 - 7073. Is i prime?
True
Let l(w) = w**3 - 8*w**2 + 10*w - 5. Let d be l(7). Suppose 0 = 2*q + 2*f - 4, -f = 4*q - d - 4. Let s(y) = y**3 - 5*y**2 - 4*y + 1. Is s(q) composite?
False
Suppose -62 = -4*i + 2*g, i - 5*i - 3*g = -87. Let u = -13 + i. Suppose -2*f + 830 = -u*j + 335, -j = 5. Is f a composite number?
True
Let r be 2/8 - 7/(-4). Suppose 0 = -c + 6*c + r*t + 2, -2*c - 4*t = -12. Let z(o) = -5*o**3 - 3*o**2 - 3*o - 3. Is z(c) a prime number?
True
Let c(p) = p**3 - 6*p**2 + 4*p + 9. Let z be c(5). Is 74*(z/(-8) + 1) a prime number?
True
Suppose 4*w = w - 2*d + 20, d = 3*w - 8. Suppose -3*t = w*m + 7, -5*t - 30 + 9 = 2*m. Suppose -y - m*i = 4*y - 127, -y = -i - 24. Is y a prime number?
False
Is -3 + (-52)/8*-2 a composite number?
True
Let h(u) = u**3 - 2*u**2 + 4*u - 10. Is h(5) a composite number?
True
Let d = -39 - -76. Is d a composite number?
False
Suppose -3*y = 3*h - 1794, 2*y - y + 3*h = 602. Is ((-3)/((-12)/y))/1 prime?
True
Let g = 2027 + -940. Is g a prime number?
True
Suppose -8*y = -12*y + 2804. Suppose 2092 = 5*a + m, -4*a + 963 = 4*m - y. Is a a prime number?
True
Let a be (5/(-4))/(1/4). Let c = 12 - 11. Let k = c - a. Is k composite?
True
Let z(m) = -2 + 9 + 14*m**2 + 73*m - 77*m. Is z(4) a composite number?
True
Is -1 + 1 + 2 + 1967 composite?
True
Suppose 11*b - 3255 = 386. Is b composite?
False
Is (-6)/4*12984/(-36) prime?
True
Let w(r) = -r**2 + 10*r + 4. Let h be w(10). Is 675/h + 2/8 a prime number?
False
Let q = 3 - -6. Suppose 3*v = -3*r + 480, -r + 157 = -5*v - q. Is r a composite number?
True
Let p(f) = 2*f**2 - 3*f - 1. Suppose 0 = -4*r + 32 - 8. Is p(r) a prime number?
True
Let n(j) = 3*j. Let x be n(1). Suppose x*q - 4*q + 11 = 0. Is q a composite number?
False
Suppose 3*o - 3*a = 3, -4*o + 11 + 8 = -a. Is 124 + (-2)/4*o prime?
False
Suppose 0 = 4*j + j - 25. Suppose -30 = -j*c - 4*b, -2*b = c - 0*c. Is 215/7 + c/35 a composite number?
False
Let c(u) = -u + 10. Let v be c(-10). Let g = -195 - -298. Let f = g - v. Is f prime?
True
Suppose -2*a - 14 = -0. Let g be (-46)/(-14) + 2/a. Is ((-20)/4)/(g/(-33)) a prime number?
False
Let q = -183 + 310. Is q a prime number?
True
Let p(i) = 8*i**2 + 2*i + 1. Let d be p(-1). Let g(z) = -4 + 3 + d*z**2 + 7*z**2. Is g(2) a prime number?
False
Suppose -3*x - 2*g = 21, -5*x + 2*g + 7 - 42 = 0. Let u(w) = w**2 + 8*w + 7. Let i be u(x). Let o(f) = f + 79. Is o(i) composite?
False
Let g = 16 - 9. Suppose -2*r + r = -5*p + 13, p + 3*r + g = 0. Suppose -5*i + 92 = -i - 4*q, -2*q = p*i - 38. Is i a prime number?
False
Let a be 109/(-3) + 4/(-6). Let d = 57 + a. Suppose -m + 4*m = 15, 5*m = 5*w - d. Is w composite?
True
Let z be (1/3)/((-2)/(-18)). Suppose q - 606 = -4*d, -q - 4*d - 1200 = -3*q. Suppose -z*v = -v - q. Is v a composite number?
True
Is (10/(-15))/(4/(-678)) composite?
False
Let w(t) be the third derivative of -t**5/60 + t**4/6 + 7*t**3/6 - 2*t**2. Let o be w(5). Suppose -o*p + 6*p = 60. Is p prime?
False
Suppose -3*r - 3*o + 186 = 0, 192 = 4*r - r + o. Is r composite?
True
Let f(u) = u**2 + 7*u + 1. Let i(l) = -l - 4. Let t be i(3). Let n be f(t). Is (-2 - -21) + n*2 a prime number?
False
Let v(l) = -12*l - 2. Suppose 6 = -3*o, -8 = 3*h - 3*o - 2. Is v(h) a prime number?
False
Let t be ((-4)/(-3) + -1)*27. Let y = t - 5. Suppose 0 = k + 3*g - 57, 4*k + y*g - 88 = 172. Is k prime?
False
Suppose -3*c = 3 - 15. Suppose 6 = c*n - 2. Suppose -n*l - 144 = -4*z + 174, 2*z = -4*l + 134. Is z composite?
True
Let t(p) be the second derivative of p**4/12 - p**3/3 + p**2/2 - 2*p. Suppose l = -3*a + 18, -l - 5*a = -34 + 8. Is t(l) composite?
True
Suppose -m = 5*k - 2*m + 6510, k - 5*m = -1326. Let i = -126 - k. Suppose -2*t + i = 3*t. Is t composite?
True
Let k(p) = 8*p**2 + 3*p + 2. Let w = -10 + 13. Is k(w) a composite number?
False
Suppose -2*u - 110 = -2*o, -5*o - 3*u + 7*u + 275 = 0. Is o a prime number?
False
Suppose 0*y = 3*y - i + 8, y = -5*i - 24. Is y*((-460)/(-16))/(-5) prime?
True
Suppose 3*h - 1497 = 4974. Is h a prime number?
False
Let b(w) be the first derivative of -19*w**4/4 + w**3/3 - w + 1. Is b(-1) prime?
True
Suppose -2*x - 2 = -0, 1217 = 3*a + 4*x. Is a a prime number?
False
Let s(v) = 509*v**2 - 1. Let w be s(1). Suppose t = -3*t + w. Is t composite?
False
Suppose -o + 12 = 3*o - 2*c, 4 = o - c. Suppose 0 = 5*j + 5, -5*i - o*j + 3150 = 3*j. Is i prime?
True
Let v(u) = 6*u**2 + 10*u - 8. Let r be v(-8). Let l = 675 - r. Is l a composite number?
False
Let x(t) = t. Let w be x(3). Suppose p + 854 = 5*p - 5*u, 0 = -w*p - 3*u + 627. Is p composite?
False
Let f = 176 + -68. Suppose 0 = -3*t - 3 + f. Is t a prime number?
False
Let w be 138/33 - (-4)/(-22). Suppose 5*i = w*i + 5*v + 40, v + 28 = i. Is i a composite number?
True
Suppose -4*d = 5*x + 9, -2*x - x = -d + 19. Suppose -4*m - 104 - 61 = 5*i, 3*i = -d*m - 107. Let n = i - -48. Is n a composite number?
False
Suppose -5*u + 15 = 0, -2*u - 24 = -5*w - 5*u. Is w a prime number?
True
Is ((-3)/(-9))/(5/25185) prime?
False
Suppose -2*s + 1 + 7 = 0. Is 204 + (s - 1)/3 a composite number?
True
Let o be 6/(-10) + (-14)/10. Is o/(-8) + 27/4 composite?
False
Is 6/8 - (4422/(-8))/3 a prime number?
False
Suppose -2*m + 6*m = -1468. Is (-2)/(-6)*(-1 - m) prime?
False
Let c = 47 - -109. Suppose v = -2*v + c. Let a = v - -7. Is a a composite number?
False
Suppose 0 = g - 4. Suppose q - 280 = -g*q. Let f = q - 21. Is f a composite number?
True
Let d(q) be the third derivative of -q**5/60 - q**4/8 + q**3/2 + 3*q**2. Let n be d(-3). Is (37 - (-3)/n) + -3 a composite number?
True
Let a b